{"id":905,"date":"2018-02-07T15:48:58","date_gmt":"2018-02-07T13:48:58","guid":{"rendered":"http:\/\/amv-schwaben.de\/?page_id=905"},"modified":"2020-04-23T09:47:44","modified_gmt":"2020-04-23T07:47:44","slug":"905-2","status":"publish","type":"page","link":"https:\/\/amv-schwaben.de\/?page_id=905","title":{"rendered":"ASCO Nanojet"},"content":{"rendered":"<p>[et_pb_section][et_pb_row][et_pb_column type=&#8220;1_3&#8243;][\/et_pb_column][et_pb_column type=&#8220;1_3&#8243;][\/et_pb_column][et_pb_column type=&#8220;1_3&#8243;][\/et_pb_column][\/et_pb_row][et_pb_row][et_pb_column type=&#8220;1_3&#8243;][et_pb_image admin_label=&#8220;Image&#8220; src=&#8220;https:\/\/amv-schwaben.de\/wp-content\/uploads\/2014\/07\/Logo_400.png&#8220; show_in_lightbox=&#8220;off&#8220; url_new_window=&#8220;off&#8220; animation=&#8220;left&#8220; \/][et_pb_image admin_label=&#8220;Image&#8220; src=&#8220;https:\/\/amv-schwaben.de\/wp-content\/uploads\/2020\/04\/Trockeneismaschine.Nanojet.jpg&#8220; show_in_lightbox=&#8220;off&#8220; url_new_window=&#8220;off&#8220; animation=&#8220;left&#8220; \/][\/et_pb_column][et_pb_column type=&#8220;1_3&#8243;][et_pb_text admin_label=&#8220;Text&#8220; background_layout=&#8220;light&#8220; text_orientation=&#8220;left&#8220;]<\/p>\n<p><strong>Trockeneisstrahlger\u00e4t ASCO Nanojet<\/strong><\/p>\n<p><strong>\u00a0<\/strong><\/p>\n<p><strong>Der Kunststoffexperte<\/strong><\/p>\n<p>Der ASCO Nanojet wurde speziell f\u00fcr die Kunststoffindustrie entwickelt. Er besitzt eine integrierte Pelletm\u00fchle, welche die Trockeneispellets in feinste Partikel zerkleinert. So k\u00f6nnen mit dem ASCO Nanojet wesentlich mehr Pellets auf die zu reinigende Oberfl\u00e4che geschossen werden, was f\u00fcr eine pr\u00e4zise, schnelle und gleichm\u00e4\u00dfige Oberfl\u00e4chenreinigung sorgt.<\/p>\n<p>Zusammen mit der neu entwickelten Strahld\u00fcse und der im Lieferumfang enthaltenen Strahlpistole mit integriertem Cutter (zur Option noch feinere Trockeneispellets) ist der ASCO Nanojet das perfekte Rundum-Paket f\u00fcr beinahe jede Anwendung in der Kunststoffindustrie. Die neu integrierte Erdungsrolle garantiert eine sichere Handhabung w\u00e4hrend des Strahlens.<\/p>\n<p>Weiteres Zubeh\u00f6r zum Trockeneisstrahlger\u00e4t ASCO Nanojet vorhanden.<\/p>\n<p>Spezifikationen:<\/p>\n<p>Gewicht leer: ca. 62 kg<br \/>\nArbeitsdruck: 2 &#8211; 10 bar<br \/>\nTrockeneisverbrauch: 5 &#8211; 20 kg\/Std. (stufenlos)<\/p>\n<p>Als Komplettanbieter rund um CO<sub>2<\/sub> bieten wir auch eine umfassende Produktpalette rund ums Trockeneisstrahlen.Wir sind immer bestrebt, die bestm\u00f6glichen L\u00f6sungen f\u00fcr unsere Kunden zu finden, und entwickeln deshalb auch kundenspezifische Produkte oder an Ihre Bed\u00fcrfnisse angepasste Automatisierungen.<\/p>\n<p>&nbsp;<\/p>\n<p>[\/et_pb_text][\/et_pb_column][et_pb_column type=&#8220;1_3&#8243;][et_pb_sidebar admin_label=&#8220;Sidebar&#8220; orientation=&#8220;left&#8220; area=&#8220;sidebar-1&#8243; background_layout=&#8220;light&#8220; \/][\/et_pb_column][\/et_pb_row][\/et_pb_section]<\/p>\n","protected":false},"excerpt":{"rendered":"<p><div class=\"et_pb_section et_pb_section_0 et_section_regular\" >\n\t\t\t\t\n\t\t\t\t\n\t\t\t\t\n\t\t\t\t\n\t\t\t\t\n\t\t\t\t\n\t\t\t\t\n\t\t\t\t\n\t\t\t\t\n\t\t\t<\/div><div class=\"et_pb_row et_pb_row_0 et_pb_row_empty\">\n\t\t\t\t\n\t\t\t\t\n\t\t\t\t\n\t\t\t\t\n\t\t\t\t\n\t\t\t<\/div><div class=\"et_pb_row et_pb_row_1 et_pb_row_empty\">\n\t\t\t\t\n\t\t\t\t\n\t\t\t\t\n\t\t\t\t\n\t\t\t\t\n\t\t\t<\/div> Trockeneisstrahlger\u00e4t ASCO Nanojet \u00a0 Der Kunststoffexperte Der ASCO Nanojet wurde speziell f\u00fcr die Kunststoffindustrie entwickelt. Er besitzt eine integrierte Pelletm\u00fchle, welche die Trockeneispellets in feinste Partikel zerkleinert. So k\u00f6nnen mit dem ASCO Nanojet wesentlich mehr Pellets auf die zu reinigende Oberfl\u00e4che geschossen werden, was f\u00fcr eine pr\u00e4zise, schnelle und gleichm\u00e4\u00dfige Oberfl\u00e4chenreinigung sorgt. Zusammen mit [&hellip;]<\/p>\n","protected":false},"author":2,"featured_media":0,"parent":0,"menu_order":0,"comment_status":"closed","ping_status":"closed","template":"","meta":{"_et_pb_use_builder":"on","_et_pb_old_content":"","_et_gb_content_width":""},"_links":{"self":[{"href":"https:\/\/amv-schwaben.de\/index.php?rest_route=\/wp\/v2\/pages\/905"}],"collection":[{"href":"https:\/\/amv-schwaben.de\/index.php?rest_route=\/wp\/v2\/pages"}],"about":[{"href":"https:\/\/amv-schwaben.de\/index.php?rest_route=\/wp\/v2\/types\/page"}],"author":[{"embeddable":true,"href":"https:\/\/amv-schwaben.de\/index.php?rest_route=\/wp\/v2\/users\/2"}],"replies":[{"embeddable":true,"href":"https:\/\/amv-schwaben.de\/index.php?rest_route=%2Fwp%2Fv2%2Fcomments&post=905"}],"version-history":[{"count":33,"href":"https:\/\/amv-schwaben.de\/index.php?rest_route=\/wp\/v2\/pages\/905\/revisions"}],"predecessor-version":[{"id":1403,"href":"https:\/\/amv-schwaben.de\/index.php?rest_route=\/wp\/v2\/pages\/905\/revisions\/1403"}],"wp:attachment":[{"href":"https:\/\/amv-schwaben.de\/index.php?rest_route=%2Fwp%2Fv2%2Fmedia&parent=905"}],"curies":[{"name":"wp","href":"https:\/\/api.w.org\/{rel}","templated":true}]}}