{"id":1320,"date":"2020-04-09T10:50:33","date_gmt":"2020-04-09T08:50:33","guid":{"rendered":"http:\/\/amv-schwaben.de\/?page_id=1320"},"modified":"2020-04-23T09:50:28","modified_gmt":"2020-04-23T07:50:28","slug":"asco-jet-1708-combi-blaster","status":"publish","type":"page","link":"https:\/\/amv-schwaben.de\/?page_id=1320","title":{"rendered":"ASCO Jet 1708 Combi Blaster"},"content":{"rendered":"<p>[et_pb_section][et_pb_row][et_pb_column type=&#8220;1_3&#8243;][et_pb_image admin_label=&#8220;Image&#8220; src=&#8220;https:\/\/amv-schwaben.de\/wp-content\/uploads\/2014\/07\/Logo_400.png&#8220; show_in_lightbox=&#8220;off&#8220; url_new_window=&#8220;off&#8220; animation=&#8220;left&#8220; \/][et_pb_image admin_label=&#8220;Image&#8220; src=&#8220;https:\/\/amv-schwaben.de\/wp-content\/uploads\/2020\/04\/Trockeneismaschine-JET-1708-Combi-Blaster.jpg&#8220; show_in_lightbox=&#8220;off&#8220; url_new_window=&#8220;off&#8220; animation=&#8220;left&#8220; \/][\/et_pb_column][et_pb_column type=&#8220;1_3&#8243;][et_pb_text admin_label=&#8220;Text&#8220; background_layout=&#8220;light&#8220; text_orientation=&#8220;left&#8220;]<\/p>\n<p><strong>Trockeneisstrahlger\u00e4t ASCOJET 1708 Combi Blaster<\/strong><\/p>\n<p>&nbsp;<\/p>\n<p>&nbsp;<\/p>\n<p><strong>Der flexible Abrasivstrahler<\/strong><\/p>\n<p>&nbsp;<\/p>\n<p>Der ASCOJET 1708 Combi Blaster ist das erste ASCOJET Trockeneisstrahlger\u00e4t, welches ein zus\u00e4tzliches Strahlmittel in den Trockeneisstrom dosieren kann und somit die optimale Kombination aus schonendem Reinigen mit Trockeneispellets und der zus\u00e4tzlichen, abrasiven Wirkung eines Additiv bietet.<\/p>\n<p>Das Trockeneisstrahlger\u00e4t ist leistungsstark, handlich, mit minimaler Sekund\u00e4rverschmutzung und verminderter L\u00e4rmemission dank geringem Druckluftverbrauch eignet sich der ASCOJET 1708 Combi Blaster optimal f\u00fcr industrielle Anwender aller Art.<\/p>\n<p>Weiteres Zubeh\u00f6r zum Trockeneisstrahlger\u00e4t ASCO Nanojet vorhanden.<\/p>\n<p>Spezifikationen:<\/p>\n<p>Gewicht leer: ca. 84 kg<br \/>\nArbeitsdruck: 4 &#8211; 8 bar (mit Additiv), 1 &#8211; 10 bar (ohne Additiv)<br \/>\nTrockeneisverbrauch: 25 &#8211; 80 kg\/Std. (stufenlos)<br \/>\nAdditivverbrauch: ca. 30 kg\/Std.<\/p>\n<p>&nbsp;<\/p>\n<p>Als Komplettanbieter rund um CO<sub>2<\/sub> bieten wir auch eine umfassende Produktpalette rund ums Trockeneisstrahlen. Wir sind immer bestrebt, die bestm\u00f6glichen L\u00f6sungen f\u00fcr unsere Kunden zu finden, und entwickeln deshalb auch kundenspezifische Produkte oder an Ihre Bed\u00fcrfnisse angepasste Automatisierungen.<\/p>\n<p>&nbsp;<\/p>\n<p>[\/et_pb_text][\/et_pb_column][et_pb_column type=&#8220;1_3&#8243;][et_pb_sidebar admin_label=&#8220;Sidebar&#8220; orientation=&#8220;left&#8220; area=&#8220;sidebar-1&#8243; background_layout=&#8220;light&#8220; \/][\/et_pb_column][\/et_pb_row][et_pb_row][et_pb_column type=&#8220;1_3&#8243;][\/et_pb_column][et_pb_column type=&#8220;1_3&#8243;][\/et_pb_column][et_pb_column type=&#8220;1_3&#8243;][\/et_pb_column][\/et_pb_row][\/et_pb_section]<\/p>\n","protected":false},"excerpt":{"rendered":"<p><div class=\"et_pb_section et_pb_section_0 et_section_regular\" >\n\t\t\t\t\n\t\t\t\t\n\t\t\t\t\n\t\t\t\t\n\t\t\t\t\n\t\t\t\t\n\t\t\t\t\n\t\t\t\t\n\t\t\t\t\n\t\t\t<\/div><div class=\"et_pb_row et_pb_row_0 et_pb_row_empty\">\n\t\t\t\t\n\t\t\t\t\n\t\t\t\t\n\t\t\t\t\n\t\t\t\t\n\t\t\t<\/div> Trockeneisstrahlger\u00e4t ASCOJET 1708 Combi Blaster &nbsp; &nbsp; Der flexible Abrasivstrahler &nbsp; Der ASCOJET 1708 Combi Blaster ist das erste ASCOJET Trockeneisstrahlger\u00e4t, welches ein zus\u00e4tzliches Strahlmittel in den Trockeneisstrom dosieren kann und somit die optimale Kombination aus schonendem Reinigen mit Trockeneispellets und der zus\u00e4tzlichen, abrasiven Wirkung eines Additiv bietet. Das Trockeneisstrahlger\u00e4t ist leistungsstark, handlich, mit [&hellip;]<\/p>\n","protected":false},"author":2,"featured_media":0,"parent":0,"menu_order":0,"comment_status":"closed","ping_status":"closed","template":"","meta":{"_et_pb_use_builder":"on","_et_pb_old_content":"","_et_gb_content_width":""},"_links":{"self":[{"href":"https:\/\/amv-schwaben.de\/index.php?rest_route=\/wp\/v2\/pages\/1320"}],"collection":[{"href":"https:\/\/amv-schwaben.de\/index.php?rest_route=\/wp\/v2\/pages"}],"about":[{"href":"https:\/\/amv-schwaben.de\/index.php?rest_route=\/wp\/v2\/types\/page"}],"author":[{"embeddable":true,"href":"https:\/\/amv-schwaben.de\/index.php?rest_route=\/wp\/v2\/users\/2"}],"replies":[{"embeddable":true,"href":"https:\/\/amv-schwaben.de\/index.php?rest_route=%2Fwp%2Fv2%2Fcomments&post=1320"}],"version-history":[{"count":5,"href":"https:\/\/amv-schwaben.de\/index.php?rest_route=\/wp\/v2\/pages\/1320\/revisions"}],"predecessor-version":[{"id":1406,"href":"https:\/\/amv-schwaben.de\/index.php?rest_route=\/wp\/v2\/pages\/1320\/revisions\/1406"}],"wp:attachment":[{"href":"https:\/\/amv-schwaben.de\/index.php?rest_route=%2Fwp%2Fv2%2Fmedia&parent=1320"}],"curies":[{"name":"wp","href":"https:\/\/api.w.org\/{rel}","templated":true}]}}

<p>[et_pb_section][et_pb_row][et_pb_column type=&#8220;1_3&#8243;][et_pb_image admin_label=&#8220;Image&#8220; src=&#8220;https://amv-schwaben.de/wp-content/uploads/2014/07/Logo_400.png&#8220; show_in_lightbox=&#8220;off&#8220; url_new_window=&#8220;off&#8220; animation=&#8220;left&#8220; /][et_pb_image admin_label=&#8220;Image&#8220; src=&#8220;https://amv-schwaben.de/wp-content/uploads/2020/04/Trockeneismaschine-JET-1708-Combi-Blaster.jpg&#8220; show_in_lightbox=&#8220;off&#8220; url_new_window=&#8220;off&#8220; animation=&#8220;left&#8220; /][/et_pb_column][et_pb_column type=&#8220;1_3&#8243;][et_pb_text admin_label=&#8220;Text&#8220; background_layout=&#8220;light&#8220; text_orientation=&#8220;left&#8220;]</p>
<p><strong>Trockeneisstrahlgerät ASCOJET 1708 Combi Blaster</strong></p>
<p>&nbsp;</p>
<p>&nbsp;</p>
<p><strong>Der flexible Abrasivstrahler</strong></p>
<p>&nbsp;</p>
<p>Der ASCOJET 1708 Combi Blaster ist das erste ASCOJET Trockeneisstrahlgerät, welches ein zusätzliches Strahlmittel in den Trockeneisstrom dosieren kann und somit die optimale Kombination aus schonendem Reinigen mit Trockeneispellets und der zusätzlichen, abrasiven Wirkung eines Additiv bietet.</p>
<p>Das Trockeneisstrahlgerät ist leistungsstark, handlich, mit minimaler Sekundärverschmutzung und verminderter Lärmemission dank geringem Druckluftverbrauch eignet sich der ASCOJET 1708 Combi Blaster optimal für industrielle Anwender aller Art.</p>
<p>Weiteres Zubehör zum Trockeneisstrahlgerät ASCO Nanojet vorhanden.</p>
<p>Spezifikationen:</p>
<p>Gewicht leer: ca. 84 kg<br />
Arbeitsdruck: 4 &#8211; 8 bar (mit Additiv), 1 &#8211; 10 bar (ohne Additiv)<br />
Trockeneisverbrauch: 25 &#8211; 80 kg/Std. (stufenlos)<br />
Additivverbrauch: ca. 30 kg/Std.</p>
<p>&nbsp;</p>
<p>Als Komplettanbieter rund um CO<sub>2</sub> bieten wir auch eine umfassende Produktpalette rund ums Trockeneisstrahlen. Wir sind immer bestrebt, die bestmöglichen Lösungen für unsere Kunden zu finden, und entwickeln deshalb auch kundenspezifische Produkte oder an Ihre Bedürfnisse angepasste Automatisierungen.</p>
<p>&nbsp;</p>
<p>[/et_pb_text][/et_pb_column][et_pb_column type=&#8220;1_3&#8243;][et_pb_sidebar admin_label=&#8220;Sidebar&#8220; orientation=&#8220;left&#8220; area=&#8220;sidebar-1&#8243; background_layout=&#8220;light&#8220; /][/et_pb_column][/et_pb_row][et_pb_row][et_pb_column type=&#8220;1_3&#8243;][/et_pb_column][et_pb_column type=&#8220;1_3&#8243;][/et_pb_column][et_pb_column type=&#8220;1_3&#8243;][/et_pb_column][/et_pb_row][/et_pb_section]</p>

<p><div class="et_pb_section et_pb_section_0 et_section_regular" >
				
				
				
				
				
				
				
				
				
			</div><div class="et_pb_row et_pb_row_0 et_pb_row_empty">
				
				
				
				
				
			</div> Trockeneisstrahlgerät ASCOJET 1708 Combi Blaster &nbsp; &nbsp; Der flexible Abrasivstrahler &nbsp; Der ASCOJET 1708 Combi Blaster ist das erste ASCOJET Trockeneisstrahlgerät, welches ein zusätzliches Strahlmittel in den Trockeneisstrom dosieren kann und somit die optimale Kombination aus schonendem Reinigen mit Trockeneispellets und der zusätzlichen, abrasiven Wirkung eines Additiv bietet. Das Trockeneisstrahlgerät ist leistungsstark, handlich, mit [&hellip;]</p>
