{"id":1293,"date":"2020-04-08T18:16:23","date_gmt":"2020-04-08T16:16:23","guid":{"rendered":"http:\/\/amv-schwaben.de\/?page_id=1293"},"modified":"2020-04-23T09:49:10","modified_gmt":"2020-04-23T07:49:10","slug":"asco-jet-1208","status":"publish","type":"page","link":"https:\/\/amv-schwaben.de\/?page_id=1293","title":{"rendered":"ASCO Jet 1208"},"content":{"rendered":"<p>[et_pb_section][et_pb_row][et_pb_column type=&#8220;1_3&#8243;][et_pb_image admin_label=&#8220;Image&#8220; src=&#8220;https:\/\/amv-schwaben.de\/wp-content\/uploads\/2014\/07\/Logo_400.png&#8220; show_in_lightbox=&#8220;off&#8220; url_new_window=&#8220;off&#8220; animation=&#8220;left&#8220; \/][et_pb_image admin_label=&#8220;Image&#8220; src=&#8220;https:\/\/amv-schwaben.de\/wp-content\/uploads\/2020\/04\/Trockeneismaschine-JET-1208.jpg&#8220; show_in_lightbox=&#8220;off&#8220; url_new_window=&#8220;off&#8220; animation=&#8220;left&#8220; \/][\/et_pb_column][et_pb_column type=&#8220;1_3&#8243;][et_pb_text admin_label=&#8220;Text&#8220; background_layout=&#8220;light&#8220; text_orientation=&#8220;left&#8220;]<\/p>\n<p><strong>Trockeneisstrahlger\u00e4t ASCOJET 1208<\/strong><\/p>\n<p><strong>\u00a0<\/strong><\/p>\n<p><strong>Der kleine Industrielle<\/strong><\/p>\n<p>Der ASCOJET 1208 besticht mit einem neuen, modernen Rahmendesign und selbsterkl\u00e4rendem Piktogramm. Dieses leistungsstarke Strahlger\u00e4t ist sehr einfach zu bedienen und eignet sich besonders f\u00fcr den Einsatz im industriellen Bereich.<\/p>\n<p>Er zeichnet sich insbesondere durch seine Leichtigkeit (nur ca. 48 kg) aus. Die neu integrierte Erdungsrolle und das im Trockeneisbeh\u00e4lter integrierte Schutzgitter garantieren eine sichere Handhabung w\u00e4hrend des Strahlens.<\/p>\n<p>Weiteres Zubeh\u00f6r zum Trockeneisstrahlger\u00e4t ASCO Nanojet vorhanden.<\/p>\n<p>Spezifikationen:<\/p>\n<p>Gewicht leer: ca. 48.5 kg<br \/>\nArbeitsdruck: 0 &#8211;\u00a010 bar<br \/>\nTrockeneisverbrauch: 20 &#8211; 40 kg\/Std. (stufenlos)<\/p>\n<p>&nbsp;<\/p>\n<p>Als Komplettanbieter rund um CO<sub>2<\/sub> bieten wir auch eine umfassende Produktpalette rund ums Trockeneisstrahlen. Wir sind immer bestrebt, die bestm\u00f6glichen L\u00f6sungen f\u00fcr unsere Kunden zu finden, und entwickeln deshalb auch kundenspezifische Produkte oder an Ihre Bed\u00fcrfnisse angepasste Automatisierungen.<\/p>\n<p>&nbsp;<\/p>\n<p>[\/et_pb_text][\/et_pb_column][et_pb_column type=&#8220;1_3&#8243;][et_pb_sidebar admin_label=&#8220;Sidebar&#8220; orientation=&#8220;left&#8220; area=&#8220;sidebar-1&#8243; background_layout=&#8220;light&#8220; \/][\/et_pb_column][\/et_pb_row][\/et_pb_section]<\/p>\n","protected":false},"excerpt":{"rendered":"<p><div class=\"et_pb_section et_pb_section_0 et_section_regular\" >\n\t\t\t\t\n\t\t\t\t\n\t\t\t\t\n\t\t\t\t\n\t\t\t\t\n\t\t\t\t\n\t\t\t\t\n\t\t\t\t\n\t\t\t\t\n\t\t\t<\/div><div class=\"et_pb_row et_pb_row_0 et_pb_row_empty\">\n\t\t\t\t\n\t\t\t\t\n\t\t\t\t\n\t\t\t\t\n\t\t\t\t\n\t\t\t<\/div> Trockeneisstrahlger\u00e4t ASCOJET 1208 \u00a0 Der kleine Industrielle Der ASCOJET 1208 besticht mit einem neuen, modernen Rahmendesign und selbsterkl\u00e4rendem Piktogramm. Dieses leistungsstarke Strahlger\u00e4t ist sehr einfach zu bedienen und eignet sich besonders f\u00fcr den Einsatz im industriellen Bereich. Er zeichnet sich insbesondere durch seine Leichtigkeit (nur ca. 48 kg) aus. Die neu integrierte Erdungsrolle und [&hellip;]<\/p>\n","protected":false},"author":2,"featured_media":0,"parent":0,"menu_order":0,"comment_status":"closed","ping_status":"closed","template":"","meta":{"_et_pb_use_builder":"on","_et_pb_old_content":"","_et_gb_content_width":""},"_links":{"self":[{"href":"https:\/\/amv-schwaben.de\/index.php?rest_route=\/wp\/v2\/pages\/1293"}],"collection":[{"href":"https:\/\/amv-schwaben.de\/index.php?rest_route=\/wp\/v2\/pages"}],"about":[{"href":"https:\/\/amv-schwaben.de\/index.php?rest_route=\/wp\/v2\/types\/page"}],"author":[{"embeddable":true,"href":"https:\/\/amv-schwaben.de\/index.php?rest_route=\/wp\/v2\/users\/2"}],"replies":[{"embeddable":true,"href":"https:\/\/amv-schwaben.de\/index.php?rest_route=%2Fwp%2Fv2%2Fcomments&post=1293"}],"version-history":[{"count":2,"href":"https:\/\/amv-schwaben.de\/index.php?rest_route=\/wp\/v2\/pages\/1293\/revisions"}],"predecessor-version":[{"id":1404,"href":"https:\/\/amv-schwaben.de\/index.php?rest_route=\/wp\/v2\/pages\/1293\/revisions\/1404"}],"wp:attachment":[{"href":"https:\/\/amv-schwaben.de\/index.php?rest_route=%2Fwp%2Fv2%2Fmedia&parent=1293"}],"curies":[{"name":"wp","href":"https:\/\/api.w.org\/{rel}","templated":true}]}}

<p>[et_pb_section][et_pb_row][et_pb_column type=&#8220;1_3&#8243;][et_pb_image admin_label=&#8220;Image&#8220; src=&#8220;https://amv-schwaben.de/wp-content/uploads/2014/07/Logo_400.png&#8220; show_in_lightbox=&#8220;off&#8220; url_new_window=&#8220;off&#8220; animation=&#8220;left&#8220; /][et_pb_image admin_label=&#8220;Image&#8220; src=&#8220;https://amv-schwaben.de/wp-content/uploads/2020/04/Trockeneismaschine-JET-1208.jpg&#8220; show_in_lightbox=&#8220;off&#8220; url_new_window=&#8220;off&#8220; animation=&#8220;left&#8220; /][/et_pb_column][et_pb_column type=&#8220;1_3&#8243;][et_pb_text admin_label=&#8220;Text&#8220; background_layout=&#8220;light&#8220; text_orientation=&#8220;left&#8220;]</p>
<p><strong>Trockeneisstrahlgerät ASCOJET 1208</strong></p>
<p><strong> </strong></p>
<p><strong>Der kleine Industrielle</strong></p>
<p>Der ASCOJET 1208 besticht mit einem neuen, modernen Rahmendesign und selbsterklärendem Piktogramm. Dieses leistungsstarke Strahlgerät ist sehr einfach zu bedienen und eignet sich besonders für den Einsatz im industriellen Bereich.</p>
<p>Er zeichnet sich insbesondere durch seine Leichtigkeit (nur ca. 48 kg) aus. Die neu integrierte Erdungsrolle und das im Trockeneisbehälter integrierte Schutzgitter garantieren eine sichere Handhabung während des Strahlens.</p>
<p>Weiteres Zubehör zum Trockeneisstrahlgerät ASCO Nanojet vorhanden.</p>
<p>Spezifikationen:</p>
<p>Gewicht leer: ca. 48.5 kg<br />
Arbeitsdruck: 0 &#8211; 10 bar<br />
Trockeneisverbrauch: 20 &#8211; 40 kg/Std. (stufenlos)</p>
<p>&nbsp;</p>
<p>Als Komplettanbieter rund um CO<sub>2</sub> bieten wir auch eine umfassende Produktpalette rund ums Trockeneisstrahlen. Wir sind immer bestrebt, die bestmöglichen Lösungen für unsere Kunden zu finden, und entwickeln deshalb auch kundenspezifische Produkte oder an Ihre Bedürfnisse angepasste Automatisierungen.</p>
<p>&nbsp;</p>
<p>[/et_pb_text][/et_pb_column][et_pb_column type=&#8220;1_3&#8243;][et_pb_sidebar admin_label=&#8220;Sidebar&#8220; orientation=&#8220;left&#8220; area=&#8220;sidebar-1&#8243; background_layout=&#8220;light&#8220; /][/et_pb_column][/et_pb_row][/et_pb_section]</p>

<p><div class="et_pb_section et_pb_section_0 et_section_regular" >
				
				
				
				
				
				
				
				
				
			</div><div class="et_pb_row et_pb_row_0 et_pb_row_empty">
				
				
				
				
				
			</div> Trockeneisstrahlgerät ASCOJET 1208   Der kleine Industrielle Der ASCOJET 1208 besticht mit einem neuen, modernen Rahmendesign und selbsterklärendem Piktogramm. Dieses leistungsstarke Strahlgerät ist sehr einfach zu bedienen und eignet sich besonders für den Einsatz im industriellen Bereich. Er zeichnet sich insbesondere durch seine Leichtigkeit (nur ca. 48 kg) aus. Die neu integrierte Erdungsrolle und [&hellip;]</p>
